Let a = 197 + -129. Suppose -3*x = -x - a. Calculate the highest common divisor of n and x.
17
Suppose 0*h + 2*h - k = 770, 4*h - k = 1538. Calculate the greatest common factor of h and 12.
12
Suppose 4*o = 4*a - 3*a - 20, -5*o = 5*a + 25. Let u(g) = -g**3 - g**2 - 4*g - 10. Let m be u(o). What is the highest common divisor of 11 and m?
11
Let k = -65 + 98. Let w(d) = 577*d + 3693. Let i be w(-6). What is the highest common factor of i and k?
33
Suppose 39 = 4*z - 5*j + 8, 0 = -3*z - 2*j + 52. Suppose -z + 27 = x. Calculate the highest common divisor of x and 26.
13
Suppose 49 = 2*g - 15. Let q = -23 + g. Let j be -7*1*(-25 + 16). Calculate the greatest common divisor of j and q.
9
Suppose -101*t = -60*t - 2214. Calculate the highest common divisor of t and 945.
27
Suppose 3*d + 24 = -33. Let x be 4*d/(-4)*-1. Let h = x - -34. Calculate the highest common divisor of 60 and h.
15
Suppose 4*a = d + 12, -3*d + 6*d = 4*a - 12. Suppose a*w - 6*w + 21 = 0. What is the highest common divisor of w and 7?
7
Suppose -2*f + 2 - 34 = 0. Let h(b) = -2*b - 5. Let j be h(f). What is the greatest common factor of j and 18?
9
Let f be 2/(-6) - 10/6. Let u be (1*(0 + f))/(-2). Let p be 81 - ((-1 - -1) + u). Calculate the greatest common factor of p and 10.
10
Let m be 1/((10/(-210))/(10/(-6))). What is the highest common factor of 42 and m?
7
Let s(q) = -q**2 - 4*q - 1. Let u be s(-5). Let z be (-1 - u)/((-6)/(-108)). What is the highest common factor of z and 18?
18
Let m be 136/(-10) - 8/20. Let t = -6 - m. Let k = 6 + -4. Calculate the greatest common divisor of t and k.
2
Let s(f) = 6*f - 6. Let o be s(5). Suppose 2*t - 20 = -3*u + u, 4*u + 2*t - 50 = 0. Suppose -u*d + 16*d = 12. Calculate the highest common divisor of o and d.
12
Suppose 0 = 2*k - 4*c + c - 3, k - 5 = -2*c. Suppose 8*i = 31 + 1. Suppose 36 = 5*n - 3*w, 2*n + i*w - 14 = 5*w. What is the greatest common divisor of n and k?
3
Suppose 0 = -4*l - 12 + 12. Suppose 2*s + l = -5*t + 7, -3*s = 4*t. Calculate the highest common divisor of t and 3.
3
Suppose k + 0*k + 62 = 0. Let y = k - -98. Let b be 236/13 + 4/(-26). Calculate the greatest common divisor of y and b.
18
Let m = 208 - 196. What is the highest common divisor of 2 and m?
2
Let p(l) = 8*l - 1. Suppose d = 1, 0*t - t + 9 = 4*d. Let i be p(t). What is the highest common factor of i and 39?
39
Suppose -11 = -16*g + 485. Calculate the highest common factor of 279 and g.
31
Let b = -296 - -467. What is the greatest common factor of b and 99?
9
Let h = -47 + 62. Let x(v) = -v**3 - 9*v**2 - 9*v + 10. Let a be x(-8). Let w = -12 + a. What is the highest common divisor of h and w?
3
Suppose -o - 4*s + 236 = 0, 5*s = -o + 171 + 61. Let h = -108 + o. Let d = -43 - -61. What is the greatest common divisor of h and d?
18
Suppose 1328 = 3*g + 1256. What is the highest common factor of 186 and g?
6
Let a(x) = x**3 + 8*x**2 + 4*x + 1. Let n be a(-6). Let r be 1*(0/(-4) - -1). Let y be ((-1)/r)/((-3)/21). What is the greatest common divisor of n and y?
7
Let w = 307 - 250. Calculate the greatest common divisor of 1767 and w.
57
Suppose 2*k - 5*k + 321 = 3*q, 3*k - 339 = 3*q. Let s = k + 39. Let m = 296 - s. Calculate the greatest common divisor of m and 21.
21
Suppose -3*b + 5*n + 367 = 0, 125 - 2 = b - n. Let g = -12 - -43. What is the greatest common divisor of g and b?
31
Suppose -g + r = -29, -4*g + 5*r = 7*r - 122. Calculate the highest common divisor of 285 and g.
15
Suppose -3*f = -8*f + 235. Let m = f - 108. Let x = m + 86. What is the highest common divisor of x and 25?
25
Suppose -5*l = -4*m + 62, 4*m - 18 = -2*l + 30. Suppose k - 5 = 21. What is the highest common factor of m and k?
13
Let c = -365 - -140. Let o = c + 601. Suppose 2*p + 524 = 2*y, 0 = 3*y - 5*p - o - 406. Calculate the highest common divisor of 24 and y.
24
Let d be (-2)/4 + 175/(-14). Let t be (d - -5)*93/(-2). Suppose -116 + t = 4*l. What is the greatest common divisor of 8 and l?
8
Let h(k) = k**3 + 2*k + 80. Let a be h(0). What is the greatest common factor of 640 and a?
80
Let y(u) = -9*u - 24. Let x be y(-5). Suppose -28 = -x*b + 14*b. What is the highest common factor of b and 3?
1
Let q be (16/(-32))/((-1)/72). Suppose 8*o + 90 = 3*o. Let a = q - o. Calculate the highest common divisor of 6 and a.
6
Let v(y) = -y**3 - 2*y**2 - 2*y - 1. Let t be v(-1). Suppose 2*o + 10 = t, o = -2*g - 0*g + 19. What is the highest common divisor of g and 72?
12
Suppose 0 = 30*p - 815 - 3835. What is the greatest common factor of p and 5?
5
Suppose -c + 14 = l - 16, 10 = -5*l. Let p = -96 - -176. What is the highest common factor of p and c?
16
Let b(n) = -10 - 6 + 6 + 8*n - 6. Let w = -25 - -36. Let r be b(w). What is the highest common divisor of 9 and r?
9
Suppose 4*s - 155 = -5*d, -205 = -5*s + 4*d + d. Calculate the greatest common divisor of s and 56.
8
Let f(y) = y**2 - 21*y - 1. Let d be f(19). Let a be (-620)/(-26) - 6/d. What is the highest common factor of 192 and a?
24
Let h = -14 + 22. Let z = 3 + h. Calculate the greatest common divisor of z and 11.
11
Let u be (-12 - (-846)/63)*98. What is the highest common divisor of 490 and u?
70
Suppose -14*n = -374 - 410. What is the greatest common factor of n and 322?
14
Suppose 5760 = 50*p + 270*p. Let z(w) = w**3 - 3*w**2 + 4*w + 4. Let v be z(4). Calculate the highest common divisor of v and p.
18
Let y be (-20)/80 - (-221)/4. Let b = y + -38. What is the greatest common factor of b and 119?
17
Suppose -9*a + a = -64. Suppose -2 = -m + a. Let k be (-3)/((-6)/28)*5. What is the highest common divisor of k and m?
10
Suppose x - 2 - 53 = -5*i, -x - 25 = -3*i. Suppose -5*w + 33 = -v, 2*w - 4*w + i = -2*v. Calculate the greatest common factor of w and 77.
7
Suppose 3*d = -s - 33, -3*d + 2*s = 26 - 2. Let g = d - -14. Let q be 12*(-8 - 56/(-6)). What is the greatest common divisor of g and q?
4
Let v(l) = 5*l**2 - 7*l - 78. Let z be v(9). What is the greatest common factor of z and 72?
24
Let r(z) = -6*z**2 + 5*z + 2. Let l be r(2). Let a = 14 + l. Calculate the greatest common divisor of 10 and a.
2
Let o(c) = c**2 + 3*c - 72. Let z be o(17). Calculate the highest common factor of 12 and z.
4
Let d = 0 + 4. Suppose j - 4*p + 5*p - 18 = 0, 3*j = d*p + 26. Let i = j - 13. What is the highest common divisor of i and 4?
1
Suppose -4*z + 17 = -f, z - 13 = -4*z + 4*f. Suppose 0 = z*r + 6 - 61. Calculate the greatest common factor of 33 and r.
11
Suppose 3*z = 3*g - 36, 4*g - 28*z - 52 = -26*z. Calculate the greatest common factor of g and 7.
7
Let q = -585 + 688. Calculate the greatest common factor of q and 1751.
103
Let z be ((-36)/(-30))/((-6)/80). Let a be (15/(-10))/(6/z). Let c(r) = -r**2 - 13*r. Let s be c(-9). Calculate the greatest common factor of s and a.
4
Let o(i) = i**3 - 6*i**2 + 7*i - 1. Let f be o(5). Suppose -2*h + 5*y = -18, y - 282 + 273 = -h. What is the highest common factor of f and h?
9
Let j(m) = 2*m**3 - 2*m**3 - 27 + 54 - m**2 + m**3. Let y be j(0). Calculate the greatest common factor of 54 and y.
27
Suppose 2*s = 4*a - 140, -2*a + 0*s = s - 66. Let f = 376 - 359. Calculate the greatest common divisor of f and a.
17
Suppose -42*k + 294 = -36*k. Suppose -3*d = -6*d + 12. Suppose -19 = -d*r + 9. Calculate the greatest common factor of k and r.
7
Suppose -5*u + 0*u - 235 = -5*y, 3*y = 2*u + 139. Let f be 1/(6*(-3)/(-90)). What is the greatest common factor of f and y?
5
Suppose 0 = -a + 6*a - 20. Suppose -9 + 41 = -a*v. Let o be -4 - v - (-40 - 1). Calculate the greatest common factor of o and 5.
5
Let b be (-160)/(-3)*(33 + -9). Calculate the greatest common divisor of b and 10.
10
Let b = -248 + 252. Calculate the greatest common divisor of 74 and b.
2
Let t(l) = l**2 + 5*l + 2. Let c be t(-8). Let h = 603 + -512. Calculate the greatest common factor of h and c.
13
Let g be (0 - 1)*(0 - 5). Suppose -5*r + 3*j + 55 = 0, 5*r + g*j - 7 = r. Suppose r = 5*s - 7. Calculate the greatest common factor of s and 27.
3
Let v = -11 + 14. Suppose -4*z - 2*s + 54 = s, -3*z - s + 43 = 0. What is the greatest common divisor of z and v?
3
Let k be (8/(-1) + 10)/(1/34). What is the highest common factor of k and 136?
68
Suppose 12*m + 3*j - 117 = 9*m, 41 = m + 3*j. What is the greatest common divisor of 1406 and m?
38
Suppos